ppose -5*t + d*q + 18 = 0, 2*t + 3*q + 11 = 3. What is the units digit of (284/(-6)*-3)/t?
1
Let t(u) = 6*u - 55. Let y be t(10). Suppose 3*o - r - 1423 = 0, y*r = 4 + 21. What is the hundreds digit of o?
4
Let p(i) = -11*i**3 + 2*i**2 + 14*i + 62. What is the thousands digit of p(-5)?
1
Suppose 3*v - 5*a = 31254, 25*a = -3*v + 28*a + 31248. What is the thousands digit of v?
0
Let v = -21456 + 60804. What is the units digit of v?
8
Suppose 1908 = t + s, -3*t - s + 1431 = -4281. What is the hundreds digit of t?
9
Suppose -123*h = -1573316 - 905995. What is the ten thousands digit of h?
2
Let g = 3342 + -984. Let k = -1 - -3. What is the units digit of g/36 + k/4?
6
Suppose 406*v + 17591 = 407*v - 2*j, -2*v + j = -35185. What is the hundreds digit of v?
5
Let g be 16*(0 + (-100)/(-15))*6. Suppose 2*o = 6*o - 20. Suppose 4*k - 223 - 393 = -w, 0 = 4*k - o*w - g. What is the tens digit of k?
5
Let c = 4943 - -1064. What is the hundreds digit of c?
0
Let w(y) = 257*y + 135. Let h be w(22). Suppose -9731 - h = -20*l. What is the tens digit of l?
7
Suppose 2*c - 2*i = 2*i - 716, -4*c - 5*i = 1367. Let h = c - -775. What is the hundreds digit of h?
4
Let y = -5 - -20. Suppose -11*p + 684 - 90 = 0. What is the units digit of 1/(6/80)*p/y?
8
Let v(u) = -189*u - 35. Let o be v(-15). Let c = o + -5316. What is the tens digit of c/(-18) + 20/90?
4
Let u(r) = 44*r**2 - 8*r - 9. Let w be u(-3). Suppose -8*y + 741 = -w. What is the tens digit of y?
4
Suppose -3*q = -4*q + 19*q - 262980. What is the thousands digit of q?
4
Let y = 8367 + -4863. What is the thousands digit of y?
3
Let y(q) = -34*q**2 - 8*q**3 + 9*q**3 + 43 + 48*q**2 - 12*q. What is the hundreds digit of y(-14)?
2
Suppose 0 = -3*n + 5*n. Suppose 0 = -n*p - p + 2*a + 136, 2*p + a - 292 = 0. Let s = -115 + p. What is the tens digit of s?
2
Let m = -13159 + 19105. What is the units digit of m?
6
Let n(l) be the first derivative of -l**2 - 30*l - 11. Let q be n(-15). Let z = 34 + q. What is the units digit of z?
4
Suppose -29*y = -26*y - 6, -5*z + 182 = -4*y. Suppose -z*c = -42*c - 4*v + 5464, 4*c + 2*v = 5462. What is the thousands digit of c?
1
Let m(b) = b**3 + 8*b**2 + 7*b + 4. Let c be m(-7). Suppose -2*q + 855 = c*n + 119, 5*q - 5*n - 1900 = 0. Let l = -184 + q. What is the units digit of l?
2
Let g(x) = x**3 + 4*x**2 - 6*x. Let u be g(-3). Suppose -u = -4*n + 4*a - 7, -5*n + 33 = -3*a. What is the units digit of n?
9
Let n = 304 - 394. What is the hundreds digit of (710/4)/(n/(-216))?
4
Let a(k) = -k**3 - k**2 - 17*k - 51. Let c be a(-6). Let s = c - -908. What is the units digit of s?
9
Suppose 4*a - 28 = -2*v, 4*a - 2*a - 26 = -4*v. What is the hundreds digit of (-1 + (-504)/(-20))/(v/20)?
1
Suppose 27 + 75 = 5*z - p, -5*z - 5*p + 120 = 0. What is the hundreds digit of -4 + 81/z + (-1198)/(-7)?
1
Let a(s) = s + 48. Let i be a(-46). Suppose -4*c = i*b - 3266, -4*c + 3262 = 19*b - 21*b. What is the hundreds digit of c?
8
Let f(n) = n**2 - 22*n - 102. Let a be f(-4). Suppose -279 - 129 = l. What is the units digit of (18/(-54))/(2/(l/a))?
4
Let n(k) = 9*k + 226. What is the hundreds digit of n(67)?
8
Suppose -348968 = -81*v + 827314. What is the ten thousands digit of v?
1
Let y(j) = 736*j**2 - 14*j + 14. Let m be y(1). Suppose -13*r + 10912 = -m. What is the tens digit of r?
9
Let u(k) = -k + 1. Suppose -2*y - 5*y - 28 = 0. Let l be u(y). Suppose 2*a - 117 = a + 4*i, -5*a - l*i + 460 = 0. What is the tens digit of a?
9
Let m(i) be the first derivative of -64*i**2 - 224*i + 86. What is the units digit of m(-6)?
4
Let b(c) = 3*c**3 + c**2 + 59*c - 116. What is the units digit of b(15)?
9
Let z be (-4 + -1)/((-20)/24). Suppose z*l = -5*l + 55. Suppose -5*x + f = -285, 5*x = -l*f - 71 + 326. What is the tens digit of x?
5
Let y(w) = 95 + 97 - 4*w + 6*w**2 - 189. What is the units digit of y(-4)?
5
Let l(r) = -3*r**3 + 25*r + 26*r - 53*r + 5*r**2. Let q be l(3). What is the tens digit of (0 + q)*((-40)/14 - -2)?
3
Let o = -127 - -137. What is the tens digit of (-6*(-352)/120)/(2/o)?
8
Let d(c) = 3*c + 28. Let h(v) = v - 1. Let b(j) = -2*d(j) - 14*h(j). What is the units digit of b(-5)?
8
Let f = 9164 - 4655. What is the hundreds digit of f?
5
Suppose -46*z - 40*z = -307364. What is the tens digit of z?
7
Let c = 9264 + -6138. What is the thousands digit of c?
3
Let c(l) = 18*l - 1. Let r be c(3). Let a = -41 + r. What is the units digit of 22*(a/8 + -4 + 3)?
1
Suppose -3*o = -5*r - 556, -4*o + 709 = -4*r - 43. Let y = -331 + o. What is the tens digit of (-616)/231*(-1 - y)/(-2)?
8
Let d = 70 - 117. Let h = d + 138. Suppose -h - 431 = -3*n. What is the tens digit of n?
7
Let a = -13 + 19. Let p be ((0/1)/7)/2. Suppose -5*u + a*u - 37 = p. What is the tens digit of u?
3
Suppose -2*h - 10 = 0, -3*t + 14 = -4*h - 15. What is the units digit of (-6)/((-1628)/(-544) - t)?
6
Let h(b) = 6*b**2 + 24*b + 11. What is the units digit of h(-41)?
3
Suppose 4*j - 4 = 4*h + 8, -5*j - 5*h + 25 = 0. Suppose l + 8 = 5*i - 10, 4*l - 24 = -j*i. What is the units digit of 19 - (1 + (-8)/l)?
2
Suppose -3*i + 6*i = 3*z + 123, 0 = 5*i - z - 225. Suppose -i*c + 2*g + 1304 = -42*c, -c + g + 327 = 0. What is the tens digit of c?
2
Let t = 315 - 311. Suppose -d + 224 = -o + t*o, 4*o - 224 = -d. What is the hundreds digit of d?
2
Let j(o) = 10*o - 110. Let b be j(27). What is the tens digit of (b/(-100))/(0 - 2/660)?
2
Let f be (-1 + 8/4)*-15. Let r be -213*(25/f + 2). Let m = r - -141. What is the tens digit of m?
7
Let t(s) be the first derivative of s**4/2 - 5*s**3/3 - 5*s**2/2 - 5*s - 9. Let k be t(5). Let w = 165 - k. What is the units digit of w?
0
Let s = 41357 + -16403. What is the tens digit of s?
5
Let d = 66889 - 39226. What is the ten thousands digit of d?
2
Let p(r) = r**3 + 9*r**2 + 7*r + 1. Let b be p(-7). Let h = -44 + b. Suppose -3*u = -h, 4*x + 0*u - u - 46 = 0. What is the tens digit of x?
1
Let j(q) be the third derivative of -q**4/12 + 25*q**3/6 + 12*q**2. Let y be j(8). Let z(n) = n**3 - 9*n**2 + 8*n + 17. What is the units digit of z(y)?
9
Suppose b + 7 - 3 = 0. Let f be ((-1 - b) + -50)*2. Let p = f + 207. What is the hundreds digit of p?
1
What is the hundreds digit of ((-14)/(700/(-2110)))/((-1)/(-35))?
4
Suppose 3*d - 34765 = -18*w + 22*w, -2*w + 34741 = 3*d. What is the hundreds digit of d?
5
Let r(d) = -d**2 - 20*d - 34. Let o be r(-18). Suppose -o*g = g - 2*j + 502, 3*g + 3*j + 522 = 0. What is the units digit of (g/(-15))/((-1)/3 + 1)?
7
What is the tens digit of ((-9 - 4)*-2)/(3234/(-3246) + 1)?
3
Suppose 13*l = 11*l + 8. Let r be l/96*3*8. What is the units digit of (-3 - 2 - 4)*(-3)/r?
7
Let l be (-3)/2*(-56)/42. Suppose 72 = 3*x + 5*c, 7*x + 48 = 9*x + l*c. Suppose 0 = -23*b + x*b - 282. What is the tens digit of b?
8
Suppose -3*g - g = 0. Suppose -7*o + 3*o = 5*h + 503, g = 2*o - 5*h + 229. What is the tens digit of (5 - o) + 1 + -3?
2
Let m(t) = 10 - 669*t + 340*t + 333*t. What is the units digit of m(7)?
8
Suppose 0 = 94*a + 25*a - 373636 - 1195498. What is the hundreds digit of a?
1
Suppose -2*s - q - 1317 = -3*s, -2*q + 2 = 0. Suppose 4*h - n = -3*n - s, -2*h = 4*n + 668. Let u = h - -472. What is the units digit of u?
4
Let x(u) = 4*u**2 - u + 10. Let r(n) = -4*n**2 + 2*n - 11. Suppose -8*o - 2 = 14. Let w(a) = o*x(a) - 3*r(a). What is the tens digit of w(4)?
6
Let f(h) = 8*h - 1. Let k be (-3)/(-4)*4/3. Let p be (k + 1)/2*(-2 + 3). What is the units digit of f(p)?
7
Suppose m - 3*d - 1309 = -332, 3*d - 12 = 0. What is the units digit of m?
9
Let c(x) = 7*x - 10. Let i be c(5). Let w = 30 - i. Suppose u - 383 = -3*u - w*n, u + 4*n = 93. What is the units digit of u?
7
Let a(w) be the first derivative of -w**2/2 + 8*w + 15. Let o be a(5). Suppose 0 = d - 0*c - 5*c - 58, -2*d + 109 = -o*c. What is the tens digit of d?
5
Let j(t) = t. Let x(s) = 5*s + 4. Let r(g) = 4*j(g) - x(g). Let d be r(-10). Suppose d*o = 4*o + 232. What is the tens digit of o?
1
Let w(k) = 163*k**2 + 5*k - 5. What is the tens digit of w(6)?
9
Let j = 59 - 58. Let z(l) = 537*l**2 - 2*l + 3. Let t be z(j). Suppose 130 = -6*c + t. What is the units digit of c?
8
What is the units digit of (-31756)/(-6) + (608/(-48))/19?
2
Let c be (-172)/(-10) + 24/(-120). Suppose m = -5*a + c, -a + 0*a = 3*m + 5. Suppose -a*j = -5*